?
139
Let m(z) = z**3 - 29*z**2 - 25*z - 1. Let q be m(30). Suppose -4*g - 134 = -y + q, 3*y - 849 = 2*g. List the prime factors of y.
283
Let i be (-16180)/25 + 45/(-25). Let v = i + 1545. List the prime factors of v.
2, 7
Suppose -31*g + 216 = -13*g. Suppose 0 = 4*y + g, -y = 3*m - 3*y - 1698. List the prime factors of m.
2, 3, 47
Suppose 0 = -3*j + 702 - 216. List the prime factors of j.
2, 3
Suppose 3092*w - 3022*w = 1980020. List the prime factors of w.
2, 14143
List the prime factors of (-1 + 1536)*(10/(-1) - (-124 + 113)).
5, 307
Suppose -z + 43375 = -4*y, 4*z - 40115 = -2*y + 133421. What are the prime factors of z?
3, 14461
Suppose -539*n + 286334 = -501*n - 183118. List the prime factors of n.
2, 3, 29, 71
Suppose 4*n + 2*z - 3*z + 4430 = 0, 3*n - 4*z = -3329. Let i = 1962 + n. What are the prime factors of i?
3, 5, 19
Let x be -2*93/(-6)*(-11 + 12). Let a be (5/4)/(1/24). Let f = x + a. What are the prime factors of f?
61
Let i = 12997 - 5460. What are the prime factors of i?
7537
Suppose 0 = -s - 1 + 7. Let g(d) be the second derivative of 8*d**3/3 - 15*d**2/2 - 2*d - 197. List the prime factors of g(s).
3
Let n(a) = a**2 - 7*a + 1. Let z(v) = -v**3 - 8*v**2 + 2*v + 13. Let l be z(-8). Let i be (-6)/(-9) - (-3 - 38/l). What are the prime factors of n(i)?
5, 29
Let c(r) = 130*r**3 + r. Let b be c(-1). Let l = -34 - b. Suppose 2*k - l = 25. List the prime factors of k.
61
What are the prime factors of (6/14 - (-48)/280)/(2/52530)?
3, 17, 103
Suppose -15*q + 50319 = 3*s - 20*q, -q = 3*s - 50319. List the prime factors of s.
3, 5591
List the prime factors of (4 - 127*-100)/(4/2).
2, 397
Let z = -59 + 53. Let v = z - -11. Let f(b) = 10*b + 6. What are the prime factors of f(v)?
2, 7
Let o(v) = 3*v**2 + v - 3. Let w be o(2). Suppose w*h = 2545 + 953. List the prime factors of h.
2, 3, 53
Let k(p) = -p**3 + 2*p**2 + 4*p + 4. Let j be k(4). Let z be ((-11)/(-3) - 0) + (-4)/j. Suppose z*a - 7*a + 141 = 0. List the prime factors of a.
47
Suppose 0*y - y = -185. Let b be (4/(-24))/(1/2)*0. Suppose b = 54*u - 55*u + y. List the prime factors of u.
5, 37
Let g(b) = 3*b - 7*b**3 + 3*b**2 + 6*b**3 - 5 + b. Let x be g(4). What are the prime factors of x/((-10)/228)*(-2)/(-6)?
2, 19
Let o(h) = -458*h + 107. List the prime factors of o(-15).
6977
Let j be (-1)/4 - 2002/(-104). Suppose 0 = -16*k + j*k - 111. What are the prime factors of k?
37
Let y = 36855 - 11977. What are the prime factors of y?
2, 7, 1777
Let d(k) = -k**3 - 6*k**2 - 6*k - 6. Let o be d(-7). Suppose -o = -2*m - 2*f + 75, -432 = -5*m + 3*f. List the prime factors of m.
2, 3, 7
Suppose 3*y = 5*y - 8. Suppose 2*b - y*b = -b. Let x(n) = -n**2 + 79. List the prime factors of x(b).
79
List the prime factors of (11 + 4357/2)*6.
3, 29, 151
Let g(k) be the second derivative of k**4/3 - 11*k**3/3 + 155*k**2/2 - 308*k. What are the prime factors of g(14)?
631
Suppose 140*p + 122*p - 1421200 = 75*p. What are the prime factors of p?
2, 5, 19
Let k = 4346 + -504. List the prime factors of k.
2, 17, 113
Let j = -160 - 82. Let c = 93 + j. Let t = -69 - c. What are the prime factors of t?
2, 5
Let h(a) = 1814*a**2 - 48*a + 60. What are the prime factors of h(3)?
2, 3, 2707
Suppose 24*k - 82*k + 928 = 0. Let m(y) = 156*y**2 - y + 2. Let b be m(-5). Suppose 1331 = -k*d + b. What are the prime factors of d?
7, 23
Let l(t) = 24*t + 17. Let z be l(5). Let p = z - 75. Suppose 0*o - p = -o - 3*h, 3*o - 3*h - 222 = 0. List the prime factors of o.
71
Suppose -4*b - 1036 = -a, -3*b - 3*a - 497 = 295. Let o = 514 + b. List the prime factors of o.
2, 127
Let t = -473 - -812. Let b = t - 253. What are the prime factors of b?
2, 43
Let v(d) = d**3 + 135*d**2 + 655*d + 383. List the prime factors of v(-128).
31231
Suppose -3*l - 8*d + 7*d = -68120, 0 = -l - 5*d + 22716. List the prime factors of l.
2, 11353
Let u(y) = 1024*y**2 + 320*y + 2300. What are the prime factors of u(-7)?
2, 19, 661
Let q(v) = 10*v**2 + 13*v - 22. Let s be q(4). Let m = s - -1129. List the prime factors of m.
1319
Suppose -89*g + 316077 = 14*g - 331175. What are the prime factors of g?
2, 1571
Suppose 29*v + 40*v - 48*v - 631533 = 0. What are the prime factors of v?
17, 29, 61
Let k(n) = 867*n**2 - 88*n - 6. What are the prime factors of k(-3)?
3, 2687
Suppose -5*w + 24 + 56 = 0. Suppose 15*g - 14*g - w = 0. What are the prime factors of (113 - g) + 4/1?
101
Suppose 16*q - 201 = 13*q. Suppose 5*f = -0*f + 245. Let y = q - f. List the prime factors of y.
2, 3
Suppose 10*k + 3*k - 3*k = 0. Let h be (-4 - -4) + k + 2. Suppose -h*s - 2*s = -2*n + 18, 0 = -3*n + 4*s + 37. List the prime factors of n.
19
Let p = 139776 + -58349. List the prime factors of p.
107, 761
Let s = -193 - -237. List the prime factors of 36/((-82)/s - -2).
2, 3, 11
List the prime factors of 7264 + 9/9 - -14.
29, 251
Let x be ((-12)/9)/(14/(-441)*6). Suppose -1728 = -9*w + x*w - 2*p, -w = 4*p - 858. What are the prime factors of w?
2, 433
Let t(q) = -q**2 - 15*q + 13. Let a be t(-15). Suppose 15*m - 4 = a*m. Suppose 2*b - 872 = -3*b + 2*h, 349 = m*b - h. What are the prime factors of b?
2, 3, 29
What are the prime factors of -650 + 6589 - (-3)/(6/4)?
13, 457
Let i be ((0 + -3)/(-9))/(1/12). Suppose 22*k - 100 = 10. Suppose -2*c + 8 = 0, -k*m - 6*c = -i*c - 568. What are the prime factors of m?
2, 7
Suppose -69*s + 226658 = 111023 - 587199. What are the prime factors of s?
2, 11, 463
Let d(m) = 241*m**2 + 16*m - 29. List the prime factors of d(-5).
2, 3, 17, 29
Let a(c) = c**3 + 18*c**2 + 17*c + 11. Let w be a(-17). Let s(m) = -m**3 + 9*m + 3*m + 2 + 11*m**2 - 3*m. What are the prime factors of s(w)?
101
Suppose -25*k - 992 = -23*k. Let m = -198 - k. List the prime factors of m.
2, 149
Let x = 69732 - -3408. What are the prime factors of x?
2, 3, 5, 23, 53
Suppose 40*v + 303264 = 118*v. List the prime factors of v.
2, 3
Let g be (4/6)/((-3)/(-9)). Let a(q) = -q**2 + 59*q - 490. Let h be a(49). What are the prime factors of 108 + h/g + 2?
2, 5, 11
Let q be ((-6)/5)/(2/(-100)). Let f = -43 + q. Let s = f + 51. What are the prime factors of s?
2, 17
Suppose 4*o + 942 = 3*f - 782, -2316 = -4*f + o. Suppose 587*x = f*x + 8785. What are the prime factors of x?
5, 251
Let b = 120818 + -85137. List the prime factors of b.
31, 1151
Suppose -219*q + 46*q = -1157716. What are the prime factors of q?
2, 7, 239
Let s(a) = 5384*a + 80. List the prime factors of s(5).
2, 3, 5
Suppose 5*h - 15 = b, h = 2*b + 3*b + 3. Suppose b = o - 5*u + 97, 3*u = 3*o - 80 + 359. Let f = o - -239. What are the prime factors of f?
3, 7
Let n(j) be the first derivative of j**4/4 + 2*j**3/3 - 3*j**2/2 - 4*j + 9. Let f be n(0). List the prime factors of 97 - (7 + f + -3).
97
Suppose -3*g + 660 = 9*g. Suppose 2*o = 45 + g. List the prime factors of o.
2, 5
Let t(i) = -47*i**3 - 12*i**2 + 117*i - 6. List the prime factors of t(-11).
2, 19, 787
Let w(f) = 11*f**2 - 9*f**2 + 16*f**2 - 3*f. List the prime factors of w(-3).
3, 19
Suppose 4*c - 131178 = -2*l, l + 55605 + 9986 = 2*c. List the prime factors of c.
5, 7, 937
Let w = -617 - -622. Suppose -w*v - z = -7619, v = -0*z - 3*z + 1521. List the prime factors of v.
2, 3, 127
Let q(z) be the third derivative of -5*z**4/12 + z**3/3 + z**2. Suppose 2*t = -5*m - 39, 5*m + t + 23 = 2*m. List the prime factors of q(m).
2, 3
Let f be 13/(-4)*(32 - (-5 + 9)). Let s = f + 102. List the prime factors of s.
11
Let t = -21603 + 30360. What are the prime factors of t?
3, 7, 139
Suppose 0 = 12*k - 49203 - 2997. What are the prime factors of ((-16)/(-20))/(-5*(-1)/k)?
2, 3, 29
Let i = 1691 + -986. Let k = 1523 - i. List the prime factors of k.
2, 409
Let x = 87 - 82. Suppose -1667 = -x*r + 2*b, -r + 3*b + 335 = b. What are the prime factors of r?
3, 37
Suppose 3*i - 40675 = 5*u, 3*i + 59*u - 57*u = 40682. List the prime factors of i.
2, 3, 5, 113
Let k = 100171 + -64407. What are the prime factors of k?
2, 8941
Let u = 8970 - 179. What are the prime factors of u?
59, 149
Suppose 2519 = 2*f + y, -4*f - f + 6297 = 3*y. List the prime factors of (30/4)/(-8 + 10107/f).
2, 5, 7
List the prime factors of (20/90)/(4/(-12) - 1)*-104046.
17341
Suppose f = 11*o - 10*o - 424, 4*o + 4*f - 1672 = 0. List the prime factors of o.
421
Let u(m) = -2*m**2 + m + 6. Let r be u(-4). What ar